 divisor of 9 and s?
1
Let r be (-2)/7 - 2472/(-28). What is the greatest common factor of r and 8?
8
Let l = 0 + 4. Calculate the highest common factor of l and 32.
4
Let g = -3 + 24. Suppose 4*d = -29 - 27. Let q be ((-1)/(1/d))/2. Calculate the greatest common divisor of g and q.
7
Let s be 2/(5/(-3) + 1). Let m = s - -3. Suppose m*d - 29 = -2*d - l, 16 = d - l. Calculate the greatest common factor of 105 and d.
15
Let i = -116 + 171. Suppose 2*w + 35 = -7. Let h = w - -43. Calculate the greatest common divisor of i and h.
11
Let g(r) = -r**3 - 7*r**2 - 7*r - 10. Let i be g(-7). Calculate the greatest common factor of i and 65.
13
Let f be 15/4*(12 - 0). Suppose 245 = -2*n + 7*n. Let o = n - 34. What is the greatest common divisor of f and o?
15
Let k be (-9)/6 - 22/(-4). Calculate the highest common factor of 44 and k.
4
Suppose x - 6 = -2. Suppose -x*k = -f - 79, k + f - 35 = -k. Calculate the greatest common divisor of k and 19.
19
Let m(n) = n**3 - 5*n**2 - 4*n - 1. Let p be m(6). Let b(v) = v**3 - 17*v**2 + 11. Let t be b(17). What is the greatest common divisor of t and p?
11
Let s be ((-5)/4)/((-4)/16). Let w(m) = -2*m + 3 - s - 6*m - 2. Let r be w(-3). What is the greatest common divisor of 5 and r?
5
Suppose 0 = 3*n - 4*p - 0*p - 142, 5*n - 190 = -5*p. Suppose 0 = 2*y - 5*z - 8, -4*z - 50 = -5*y + z. What is the highest common divisor of n and y?
14
Let x = 67 - 38. Let h = x + -19. What is the highest common divisor of 40 and h?
10
Let x(a) = a**2 - 3*a - 9. Let g be x(-5). What is the greatest common factor of g and 31?
31
Let v be 2/7 - 1676/(-14). Let b(c) = -c**3 + 13*c**2 + 29*c + 39. Let l be b(15). Calculate the greatest common divisor of v and l.
24
Let q = 8 + -2. What is the greatest common factor of 54 and q?
6
Suppose d + 16 = -x + 4*d, 0 = -4*x + 3*d - 46. Let w be (20/(-6))/(x/15). What is the greatest common divisor of w and 40?
5
Let m(g) = 6*g + 4. Let y(o) = 5*o + 3. Let c(r) = -4*m(r) + 5*y(r). Let l be c(3). What is the highest common divisor of 8 and l?
2
Suppose 106 = -4*r + 38. Let c = r + 24. What is the greatest common divisor of c and 7?
7
Let k = 9 - 8. Let c = 10 - k. Calculate the greatest common factor of 45 and c.
9
Let r(l) = -3*l + 3. Let o be r(4). Let c = o + 21. What is the highest common divisor of c and 36?
12
Suppose -68 = -3*m + 5*n - n, -4 = -n. Calculate the greatest common factor of m and 7.
7
Let h = -28 - -48. Calculate the greatest common factor of 160 and h.
20
Let l be (-1)/2*(-9)/(36/16). What is the greatest common factor of l and 16?
2
Let d = -193 - -292. Let v be 47/5 - (-4)/(-10). What is the greatest common divisor of v and d?
9
Let w(h) = 4*h - 5. Suppose -l = -4, -2*l = -z - 0*l - 8. Let s(x) = -x**2 + 5. Let i be s(z). Let c be w(i). Calculate the highest common divisor of c and 15.
15
Suppose -2*x - 86 = -4*w, -4*w - 5*x = -2*x - 61. Let t = w + -9. Calculate the highest common divisor of t and 30.
10
Suppose -l + 40 = 4*l. Let j = l - 6. Let f(b) = -b + 13. Let c be f(7). What is the greatest common divisor of c and j?
2
Suppose -120 - 80 = -8*l. What is the greatest common factor of 250 and l?
25
Let k be -1*(-3)/((-3)/7). Let x = k + 10. Suppose -4*u - 4*b + 52 = 0, -x*u + 2*b = 6*b - 37. What is the greatest common divisor of u and 45?
15
Let y = 234 + -162. Calculate the highest common factor of y and 24.
24
Let o = 342 + -22. What is the greatest common divisor of 32 and o?
32
Let j = 8 - -1. Suppose 4*a - 81 = -j. Calculate the greatest common factor of a and 18.
18
Let v be 2/8 + 675/36. Calculate the highest common factor of 19 and v.
19
Suppose 2*s + 5*s = 63. Let g be (-18)/((2/(-1))/8). Calculate the greatest common divisor of g and s.
9
Let m(y) = -y**3 + 4. Let p be m(0). Let x(w) = -w**3 - w**2 + 4*w. Let l be x(-4). What is the highest common factor of p and l?
4
Let c be (-1 - (-544)/10) + 28/(-70). Calculate the greatest common divisor of c and 159.
53
Let z be (-2)/8 - 162/(-8). Suppose a - 50 = -2*o, -5*a = -0*a + z. Suppose -2*i = 2*i - 36. What is the highest common factor of i and o?
9
Let y be 8190/405 + (1 - 22/18). What is the highest common factor of y and 180?
20
Let v(r) = -r + 8. Let u be v(6). Suppose -u*m = -m - 117. What is the greatest common divisor of 13 and m?
13
Let i be -1 - (-1*3)/(-1). Let x = -1 - i. Suppose -x*y - 4*t + 0*t = -27, 15 = 5*t. What is the greatest common factor of y and 25?
5
Let r(f) = -15*f**3 + f**2 + f. Let x be r(-1). Let d = 1 + x. Calculate the highest common factor of d and 24.
8
Let m be 13/2 - 1/2. What is the highest common divisor of 2 and m?
2
Suppose -48 = -2*b - 4*t, -b - t + 23 = -0*b. Let u = -10 + b. Suppose -5 = -p + 1. Calculate the greatest common factor of u and p.
6
Let x(c) = c**2 - 2*c + 9. Let q be x(0). What is the highest common factor of 45 and q?
9
Suppose 2*s + 7 = 27. Suppose -s*z + 8 = -9*z. Calculate the highest common divisor of z and 88.
8
Let t be (2 + (-8)/3)*-36. Calculate the greatest common factor of t and 72.
24
Suppose -10*w = -9*w - 19. What is the greatest common divisor of 171 and w?
19
Let f = -54 + 199. Calculate the greatest common factor of 29 and f.
29
Suppose -3 - 1 = -z. Suppose 35 = 2*x - 5*n, z*x + n = 3*n + 78. Let k = x + 79. What is the greatest common divisor of 9 and k?
9
Let a(l) = -30*l - 1. Let o be a(-1). What is the greatest common divisor of o and 29?
29
Let k be (-215 + -1)*(-2)/3. Let z = -43 + 61. What is the greatest common factor of z and k?
18
Suppose -4*o - 13 = 4*z - 1, -z - 15 = -5*o. Suppose -n = o*n - 33. Calculate the greatest common divisor of 11 and n.
11
Let n be -17 - (-9)/(3 - 0). Let g be 16/10*(-175)/n. What is the greatest common divisor of 10 and g?
10
Let u(d) = -d**2 + 7*d + 2. Let k be u(6). What is the greatest common factor of k and 32?
8
Let k(j) = j**3 + 8*j**2 - 12*j - 12. Let c be k(-9). Let o be 414/c - 2/(-5). Calculate the highest common factor of 42 and o.
14
Let l be (-4)/(-6) + (-56)/(-6). Let y(a) = -a**2 - 9*a + 5. Let m be y(-7). Let r = m - l. What is the greatest common factor of 9 and r?
9
Let x = 482 - 842. Let p be (-1)/2*x/2. Let o = 61 + -25. Calculate the greatest common factor of p and o.
18
Let l(b) = 2*b**2 - 16*b. Let o be l(9). What is the greatest common divisor of o and 27?
9
Let u = 10 - 16. Let y(m) be the first derivative of -m**2 + 2*m - 22. Let z be y(u). What is the highest common factor of z and 42?
14
Let t(z) = 2*z - 11. Let s be t(8). Suppose -s*o + 55 = 5*g, 3*g = 3*o + o - 30. What is the highest common factor of o and 9?
9
Let f(z) = -z + 1. Let g be f(0). Let a(c) = -18*c**3 + c - 1. Let i be a(g). Let p = -12 - i. Calculate the greatest common divisor of 42 and p.
6
Let v be (6/4)/((-3)/(-208)). Let x = 0 - -31. Suppose 0 = 5*l - x - 34. What is the highest common divisor of l and v?
13
Let i be 9 + ((-1)/(-1) - 3). Let o(q) = -q**2 + 7*q + 5. Let c be o(i). Suppose 12 + 13 = j. Calculate the highest common divisor of j and c.
5
Let d(j) = 0*j + j + 9 - 2. Let u be d(-4). Let y = u + 6. What is the greatest common factor of y and 45?
9
Let q = -7 - -10. Let p be (71 - q)*(-3)/(-4). Calculate the greatest common factor of 17 and p.
17
Suppose -k + 2*x = -10, 0 = -2*k - 4*x - 3 - 9. Suppose 5*f = 23 + k. Let c = 45 + -20. What is the highest common divisor of f and c?
5
Suppose 35 = c + 5*z, z + 5 = -4*z. What is the highest common factor of 100 and c?
20
Let z(q) = -q + 5. Let l be z(0). What is the highest common factor of l and 35?
5
Suppose m + 3*m = 176. What is the highest common factor of 4 and m?
4
Let r be 124/5 - 8/10. Suppose -y - 4*y + 20 = 0. Suppose y*i - 900 = 156. Calculate the greatest common divisor of i and r.
24
Let f(y) = 3*y**2 - 2. Let j be f(2). Suppose -4*s - s = 2*a - 86, -4*a + j = s. Let p = s + -10. Calculate the greatest common divisor of 1 and p.
1
Suppose 0 = -5*p + 4 + 46. Calculate the highest common factor of 25 and p.
5
Let u(f) = f**3 + 3*f**2 - 1. Let j be u(-2). Let a(z) = 21*z - 7. Let b be a(j). Calculate the greatest common divisor of b and 28.
28
Suppose 2*i = 4*c - 4, -3*c + 7 = -i - 0*c. Calculate the highest common factor of 16 and i.
8
Suppose 5*z = 2*b + 30, -2*b + 0*b - 24 = -4*z. Let n(d) = 4*d - 5. Let t be n(3). Let o be (3 - t) +